 (i/(-1) + 2)/(-1). Suppose 3*k + 49 = 2*l, -14 = -l - 0*l + t*k. What is the remainder when l is divided by 10?
9
Suppose 93 = d - 0*d. Calculate the remainder when d is divided by 48.
45
Let d(y) = y**3 + 4*y**2 + 2*y + 4. Let i = -13 + 21. Let z = 5 - i. What is the remainder when d(z) is divided by 4?
3
Let p be (65/(-10))/(1/(-2)). Let q = p + 2. What is the remainder when 43 is divided by q?
13
Suppose 20*z + 190 = 25*z. Calculate the remainder when 112 is divided by z.
36
Let t(p) = p**3 + 10*p**2 + 13*p + 9. Let b be t(-9). Let v = 39 + b. What is the remainder when v is divided by 7?
5
Let c = 1072 - 712. Suppose x + 4*p = 116, c = 5*x + 3*p - 271. Calculate the remainder when x/7 - (-2)/(-7) is divided by 10.
8
Suppose 0 = f - 16 - 5. What is the remainder when 40 is divided by f?
19
Let x(r) = r**3 + 10*r**2 + 7*r - 1. Calculate the remainder when (-1 - 1)*166/(-4) is divided by x(-9).
15
Suppose -8 = -3*j + 4. Let d be 9/4 + 1/(-4). What is the remainder when (3 - j/d) + 30 is divided by 16?
15
Suppose -5*p + 39 = -2*p. Suppose -o + 6*o + 2 = g, -3*g + 4*o + 17 = 0. What is the remainder when p is divided by g?
6
Let m(x) be the first derivative of x**2/2 - 4*x - 2. Calculate the remainder when 3 is divided by m(6).
1
Suppose m - 1 = -4. Let c(x) = -x**3 - x**2 + x + 2. What is the remainder when c(m) is divided by 9?
8
Let p(r) = -r**3 + 6*r**2 + 18. What is the remainder when -1*1 - (-4 - 30) is divided by p(6)?
15
Let g(l) = 3*l - 4. Suppose 3*p = 5*y + 37, 3*p + 0*y = 3*y + 27. Calculate the remainder when 29 is divided by g(p).
5
Let m be 12*(-3)/((-27)/(-6)). Let s be 30/(1 + m/10). Suppose -4*x = -x - s. Calculate the remainder when x is divided by 17.
16
Calculate the remainder when ((-272)/12)/4*-3*9 is divided by 14.
13
Suppose -2*t + t + 12 = 0. Let w be (-33)/t + (-3)/12. Calculate the remainder when 41 is divided by 146/10 + w/5.
13
Suppose 3*z = z + 4*c + 4, -12 = -2*z - 4*c. Let k = 16 - z. What is the remainder when 23 is divided by k?
11
What is the remainder when (-3)/2*(-286)/3 is divided by 29?
27
Let g = 16 + -4. Calculate the remainder when 33 is divided by g.
9
What is the remainder when 4/(-2) - (-6 + -110) is divided by 13?
10
Let o(y) = 104*y. Let p be o(-3). Let i(b) = 2*b**2 - 8*b - 4. Calculate the remainder when (p/20)/(4/(-10)) is divided by i(6).
19
Suppose -4*q + 4 = 0, 0 = -3*l + 2*q + 15 + 31. Calculate the remainder when 3*(-7)/(-42)*94 is divided by l.
15
Let o(t) = -3*t + 19. What is the remainder when o(-24) is divided by 23?
22
Suppose -5*u + u = 2*s - 118, 0 = -2*s - u + 130. Suppose 0 = -4*o + s + 73. What is the remainder when o is divided by 9?
8
What is the remainder when 2 is divided by (1/(-2) + 1)*4?
0
Suppose 3*j - 37 = 11. What is the remainder when 29 is divided by j?
13
Suppose -3*k = -d - 32, -5*d - 40 = -5*k - 0*k. Let j be 2 + -2 - (-16)/(-2). What is the remainder when (-23)/3*24/j is divided by k?
11
Suppose y = 3*y - 8. Suppose -50 = -y*s + 162. Let w = s + -32. Calculate the remainder when w is divided by 6.
3
Let u = 121 - 64. Suppose 6*w + a - 45 = w, 0 = -4*w - 5*a + u. Calculate the remainder when w is divided by (10/(-4))/((-4)/8).
3
Suppose 0 = -2*r - 5*i + 51, 2*r - 5*r + 5*i + 39 = 0. Suppose 0 = -u - 3*l + r, -5*l + 1 - 48 = -2*u. Calculate the remainder when u is divided by 6.
3
Calculate the remainder when (-955)/(-10) - 3/(-2) is divided by 25.
22
Calculate the remainder when 105 is divided by (27/(-15))/(2/(-30)).
24
Suppose -74 - 74 = -4*l. Calculate the remainder when l is divided by 8.
5
Let s(o) = -6*o - 7. What is the remainder when s(-4) is divided by 5?
2
Let w(r) = r**2 + 3*r - 4. Let m = 2 + 2. Suppose -m - 6 = -g. Calculate the remainder when g is divided by w(-5).
4
Let u = 59 + -39. Let p = -13 + -29. Calculate the remainder when u is divided by (-2)/(-4) - p/4.
9
Suppose -42 + 15 = -3*o. What is the remainder when (-3)/o - (-19)/3 is divided by 4?
2
What is the remainder when 9 is divided by (3*(1 + 26/(-6)))/(-2)?
4
Suppose 3*n - 4*n - 348 = 0. What is the remainder when (-1)/3 - n/18 is divided by 10?
9
Suppose 3*p - 6*i - 10 = -i, -p = -5*i. What is the remainder when 47 is divided by (0 + 2)*(11 - p)?
11
Let y be 58/(-5) + 2/(-5). Let v = y + 25. Suppose -t + 3*t - 14 = 0. What is the remainder when v is divided by t?
6
Suppose -6*k = 3*k - 99. What is the remainder when 30 is divided by k?
8
Suppose -15*a = -19*a + 60. What is the remainder when a is divided by 10?
5
Suppose 0*x = -3*x + 6. Suppose -x*l + 105 = 41. What is the remainder when l is divided by 11?
10
Let o(h) = 4*h**2 - 7*h - 8. Calculate the remainder when o(4) is divided by 11.
6
Let i(x) = -x**3 - 9*x**2 - x. Let z(j) = -2*j - 8. Calculate the remainder when i(-9) is divided by z(-6).
1
Let f = 3 - 0. Suppose -2*l = 6, 5*c - f*c = l + 21. What is the remainder when 15 is divided by c?
6
Let y(g) be the second derivative of 1/3*g**3 + 7/2*g**2 + 1/12*g**4 + 0 - 2*g. Calculate the remainder when y(-6) is divided by 16.
15
Suppose t + 41 = 1. Let s = t - -28. Calculate the remainder when 7 is divided by (-1)/(-4) + (-45)/s.
3
Let f(n) = n**2 + 6*n + 4. Calculate the remainder when 9 is divided by f(-6).
1
Let b(p) = -p - 6. What is the remainder when 15 is divided by b(-12)?
3
Suppose -4*n = 8, -w + 3*n + 3 = -4. Let x = -7 - -7. Suppose 0 = 4*p - x*p - 4. What is the remainder when w is divided by p?
0
Suppose 4*y = -4*f - 0*y, 0 = -3*y. Suppose f = -2*q + q. Suppose q = -2*b - 3*x - x + 32, -5*b + 35 = -5*x. What is the remainder when b is divided by 4?
2
What is the remainder when 61*(-1 - 2)/(-3) is divided by 21?
19
Suppose 3*u = 8*u - 555. What is the remainder when u is divided by 38?
35
Let s(h) = -h**3 - 5*h**2 - 4*h + 9. What is the remainder when s(-5) is divided by 10?
9
Let j(y) = 13*y + 6. Let c be j(8). Suppose 5*g = -0*g + c. Calculate the remainder when 43 is divided by g.
21
Calculate the remainder when 1*204 + 1 + 3 + -1 is divided by 42.
39
Let l = -9 - -5. What is the remainder when 30 is divided by l/14 - 79/(-7)?
8
Suppose -2*g - g = -6. Suppose -g*z + 36 = z. Calculate the remainder when 34 is divided by z.
10
Suppose 0 = -2*x + 2*w + 34, -4*w + 0*w - 12 = 0. Let f = x + -3. Let t = f - -3. Calculate the remainder when t is divided by 5.
4
Let t(q) be the third derivative of q**4/6 - 11*q**3/6 + 3*q**2. What is the remainder when t(10) is divided by 10?
9
Suppose 2*q = -4*d + 2, -2*d + q = -q - 10. Suppose 22 = -i + 5*i + 2*c, 3*c + 7 = 2*i. What is the remainder when i is divided by d?
1
Let h = -3 + 13. Suppose -4*i = -5*i + h. What is the remainder when 19 is divided by i?
9
Let n be ((-41)/(-2))/(2/(-4)). Let t = -15 - n. What is the remainder when 50 is divided by t?
24
Let u(q) = -q**3 + 6*q**2 + 9*q + 8. Calculate the remainder when u(7) is divided by 12.
10
Suppose -2*q + q - 72 = -5*c, -24 = -2*c + 2*q. Calculate the remainder when 44 is divided by c.
14
Suppose 0*m + m - 13 = 0. Calculate the remainder when 24 + -2 + (4 - 3) is divided by m.
10
Let f = -18 + 31. What is the remainder when 50 is divided by f?
11
Let t = -24 - -22. What is the remainder when 18 is divided by (7/t)/((-7)/14)?
4
Suppose -u = u - 6. Suppose -u*f + 10 = -2*f. Calculate the remainder when 39 is divided by f.
9
Let h = -8 + 8. Suppose -w + 4*w - 81 = h. What is the remainder when 80 is divided by w?
26
Let p be 2/7 + 359/(-7). Let t = -34 - p. What is the remainder when t is divided by 9?
8
Suppose 2*l + 5 = 3*l. Suppose 4*f = 4 + 4. Calculate the remainder when l is divided by f.
1
Let i = 68 - 48. Calculate the remainder when 38 is divided by i.
18
Suppose -2*y + 206 = 3*t, 0 = 3*t - 2*y - 243 + 41. What is the remainder when t is divided by 14?
12
Let u be (-19)/(-1)*1 + 2. Suppose g = -7 + u. What is the remainder when ((-9)/((-288)/104))/((-2)/(-16)) is divided by g?
12
Suppose n - 4 = 1. Suppose 4*v + 3*y + 2 = 9, 4*v + y = 13. Calculate the remainder when n is divided by v.
1
Let n be 4/18 - 4/18. Suppose o - 3*o + 10 = n. Suppose 0 = o*b - 85 - 25. Calculate the remainder when b is divided by 12.
10
Let c(v) = 21*v. Let n(r) = r**3 - 10*r**2 + 10*r - 8. Suppose 0 = -h + 2*h - 9. Let u be n(h). What is the remainder when c(u) is divided by 11?
10
Suppose 3*r 